142164 a multiple of 66?
True
Does 17 divide 14877077?
False
Is 10598 a multiple of 3?
False
Does 272 divide 4080544?
True
Is 78989 a multiple of 226?
False
Is 159790 a multiple of 97?
False
Does 1071 divide 5447154?
False
Is 642 a factor of 6984318?
True
Does 75 divide 8353139?
False
Is 5140660 a multiple of 7?
True
Is 919 a factor of 6994471?
False
Is 66367 a multiple of 7?
True
Is 2576587 a multiple of 20?
False
Is 940242 a multiple of 22?
False
Is 13 a factor of 128011?
True
Is 134 a factor of 170850?
True
Does 90 divide 512797?
False
Is 2942756 a multiple of 73?
False
Is 39 a factor of 53374?
False
Is 47296 a multiple of 64?
True
Is 45329 a multiple of 13?
False
Is 102935 a multiple of 865?
True
Is 448179 a multiple of 191?
False
Is 264 a factor of 465432?
True
Is 62 a factor of 107880?
True
Is 6335552 a multiple of 16?
True
Does 122 divide 89792?
True
Is 4577235 a multiple of 451?
False
Is 116 a factor of 497677?
False
Does 557 divide 1927344?
False
Is 57984 a multiple of 96?
True
Is 67494 even?
True
Is 12764893 a multiple of 19?
False
Is 155 a factor of 2457136?
False
Is 17 a factor of 9296369?
False
Is 3464906 a multiple of 374?
False
Is 470 a factor of 992640?
True
Is 917450 a multiple of 311?
True
Is 46 a factor of 5262589?
False
Does 12 divide 27291?
False
Is 82 a factor of 610654?
True
Is 3232523 a multiple of 7?
True
Is 661 a factor of 656841?
False
Does 25 divide 176590?
False
Is 1972940 a multiple of 92?
True
Does 635 divide 2830830?
True
Does 393 divide 2824150?
False
Is 310 a factor of 1006260?
True
Is 1620150 a multiple of 40?
False
Is 240760 a multiple of 52?
True
Does 331 divide 1244407?
False
Is 16509240 a multiple of 1137?
True
Is 10 a factor of 28100?
True
Is 8 a factor of 156349?
False
Is 726506 a multiple of 11?
True
Is 2206373 a multiple of 13?
True
Is 37 a factor of 1183?
False
Is 62 a factor of 14185846?
False
Does 11 divide 481168?
False
Does 667 divide 597632?
True
Does 23 divide 9595045?
False
Is 35 a factor of 226765?
True
Does 35 divide 16900140?
False
Does 7 divide 146995?
False
Is 1096982 a multiple of 2?
True
Does 15 divide 1289250?
True
Does 8 divide 142084?
False
Is 13 a factor of 3390951?
False
Is 25 a factor of 310150?
True
Does 69 divide 1992168?
True
Is 31 a factor of 3374412?
True
Does 71 divide 935740?
False
Is 26 a factor of 56810?
True
Is 18054 a multiple of 4?
False
Does 113 divide 3586959?
True
Is 311500 a multiple of 35?
True
Does 440 divide 372240?
True
Does 2 divide 389?
False
Does 9 divide 29478?
False
Is 808 a factor of 920005?
False
Is 205932 a multiple of 262?
True
Does 196 divide 760872?
True
Does 234 divide 1818270?
False
Is 797290 a multiple of 29?
False
Is 415788 a multiple of 10?
False
Is 139702 a multiple of 41?
False
Is 4638130 a multiple of 7?
True
Is 1637003 a multiple of 18?
False
Is 858244 a multiple of 344?
False
Is 39 a factor of 807755?
False
Is 1027651 a multiple of 55?
False
Is 6139308 a multiple of 212?
True
Is 15 a factor of 5516213?
False
Is 6250105 a multiple of 21?
False
Does 224 divide 771633?
False
Is 2081467 a multiple of 32?
False
Does 106 divide 420926?
True
Is 4 a factor of 4891?
False
Is 132760 a multiple of 40?
True
Is 1355137 a multiple of 21?
False
Is 6555988 a multiple of 76?
True
Is 32 a factor of 114150?
False
Is 94 a factor of 43898?
True
Does 7 divide 1133664?
True
Is 49 a factor of 53067?
True
Is 38 a factor of 8063735?
False
Is 11 a factor of 4301121?
True
Is 31 a factor of 136689?
False
Does 17 divide 5536968?
True
Does 130 divide 170560?
True
Does 36 divide 363334?
False
Is 1950223 a multiple of 11?
True
Is 107156 a multiple of 949?
False
Is 100 a factor of 601765?
False
Is 46654 a multiple of 6?
False
Is 239805 a multiple of 73?
True
Does 341 divide 967982?
False
Is 293638 a multiple of 171?
False
Is 14 a factor of 135821?
False
Does 24 divide 5425632?
True
Is 92300 a multiple of 4?
True
Is 115 a factor of 185547?
False
Is 310044 a multiple of 42?
True
Does 379 divide 1185891?
True
Is 7 a factor of 206823?
False
Is 141 a factor of 137255?
False
Is 5 a factor of 164715?
True
Does 56 divide 5565762?
False
Does 236 divide 355416?
True
Does 100 divide 280700?
True
Is 1430750 a multiple of 118?
True
Does 15 divide 120195?
True
Is 13132 a multiple of 5?
False
Is 21765 a multiple of 15?
True
Is 20116 a multiple of 70?
False
Is 1292780 a multiple of 10?
True
Is 546162 a multiple of 67?
False
Does 3 divide 26094?
True
Does 130 divide 47791?
False
Does 25 divide 115119?
False
Does 590 divide 3846383?
False
Does 13 divide 138086?
True
Is 1750 a multiple of 10?
True
Is 38736 a multiple of 7?
False
Does 9 divide 2397204?
True
Does 834 divide 9325788?
True
Is 566594 a multiple of 196?
False
Does 227 divide 782043?
False
Is 583 a factor of 9081391?
True
Does 5 divide 7705?
True
Is 81631 a multiple of 11?
True
Is 27140 a multiple of 20?
True
Is 19793 a multiple of 30?
False
Is 81950 a multiple of 11?
True
Does 12 divide 6839823?
False
Is 3 a factor of 252884?
False
Is 384 a factor of 4286976?
True
Does 16 divide 1528988?
False
Is 5 a factor of 23420?
True
Is 68857 a multiple of 4?
False
Is 1912675 a multiple of 720?
False
Is 294 a factor of 354371?
False
Does 10 divide 35060?
True
Does 6 divide 89569?
False
Does 8 divide 103080?
True
Does 12 divide 638591?
False
Is 533 a factor of 240383?
True
Does 22 divide 10227454?
False
Does 113 divide 23275?
False
Is 36 a factor of 12491?
False
Is 2341255 a multiple of 755?
True
Is 488640 a multiple of 19?
False
Is 44576 a multiple of 89?
False
Does 31 divide 3051082?
True
Is 2056740 a multiple of 15?
True
Is 593712 a multiple of 434?
True
Is 3652063 a multiple of 350?
False
Is 113 a factor of 7650038?
False
Does 1578 divide 3109714?
False
Is 7 a factor of 360?
False
Is 25 a factor of 1284975?
True
Is 2349 a multiple of 81?
True
Is 105 a factor of 105945?
True
Is 174863 a multiple of 3?
False
Is 188080 a multiple of 16?
True
Is 355599 a multiple of 739?
False
Is 168 a factor of 2588040?
True
Does 20 divide 464129?
False
Is 2 a factor of 135815?
False
Does 35 divide 994420?
True
Is 40 a factor of 18040?
True
Is 5 a factor of 62348?
False
Is 31 a factor of 334388?
False
Does 340 divide 4701180?
True
Is 387136 a multiple of 6?
False
Does 137 divide 64548?
False
Is 215208 a multiple of 441?
True
Is 42 a factor of 648077?
False
Does 92 divide 10309104?
False
Does 3 divide 794827?
False
Does 14 divide 1073650?
False
Does 215 divide 13551665?
True
Does 113 divide 2860643?
False
Is 13 a factor of 15973763?
True
Is 1012504 a multiple of 2?
True
Is 86526 a multiple of 11?
True
Is 133 a factor of 447678?
True
Does 399 divide 147630?
True
Is 299 a factor of 3571256?
True
Does 53 divide 850915?
True
Is 1177607 a multiple of 370?
False
Does 187 divide 7062055?
True
Is 4 a factor of 35013?
False
Does 2 divide 1094221?
False
Is 80 a factor of 1444773?
False
Is 4521377 a multiple of 49?
True
Is 47 a factor of 14675?
False
Is 45361 a multiple of 57?
False
Does 593 divide 245055?
False
Does 48 divide 2056224?
True
Does 35 divide 7444850?
True
Does 4 divide 208293?
False
Is 60 a factor of 9167148?
False
Is 1131207 a multiple of 413?
True
Is 464390 a multiple of 10?
True
Is 5440232 a multiple of 152?
True
Is 206765 a multiple of 24?
False
Does 10 divide 453740?
True
Does 324 divide 290304?
True
Is 9652079 a multiple of 37?
True
Does 711 divide 5209805?
False
Is 38497 a multiple of 137?
True
Does 17 divide 2366298?
True
Does 9 divide 7449?
False
Does 14 divide 1201869?
False
Does 661 divide 1400659?
True
Is 717880 a multiple of 215?
False
Is 81 a factor of 188568?
True
Does 13 divide 509828?
False
Is 1286709 a multiple of 17?
False
Is 772636 a multiple of 838?
True
Does 380 divide 374680?
True
Is 1047795 a multiple of 17?
True
Does 5 divide 1779155?
True
Is 63 a factor of 2562095?
False
Is 598 a factor of 413599?
False
Is 1734372 a multiple of 81?
True
Is 42 a factor of 2262708?
True
Is 113 a factor of 184642?
True
Does 218 divide 5940357?
False
Does 35 divide 248570?
True
Is 21 a factor of 26733?
True
Is 11634 a multiple of 2?
True
Is 8378408 a multiple of 101?
False
Is 320864 a multiple of 155?
False
Is 913731 a multiple of 91?
True
Is 840653 a multiple of 168?
False
Is 30 a factor of 2880?
True
Is 936 a multiple of 18?
True
Is 17195252 a mu